{"id":113,"date":"2016-02-10T18:54:50","date_gmt":"2016-02-10T17:54:50","guid":{"rendered":"http:\/\/www.fotoplutsch.at\/360grad\/?page_id=113"},"modified":"2016-02-10T18:57:59","modified_gmt":"2016-02-10T17:57:59","slug":"impressum","status":"publish","type":"page","link":"https:\/\/www.fotoplutsch.at\/360grad\/impressum\/","title":{"rendered":"Impressum"},"content":{"rendered":"<p><strong>Impressum und Offenlegungspflicht nach \u00a7 25 MedienG<\/strong><\/p>\n<p>Name, Sitz und Medieninhaber:<br \/>\n<strong>Paul Plutsch (fotoplutsch \u2013 Fotografie)<\/strong><br \/>\nAu\u00dferreith 1<br \/>\nA-3241 Kirnberg\/Mank<br \/>\nMail: foto (at) fotoplutsch. at<br \/>\nTel: +43 676 625 1 625<\/p>\n<p>Rechtsform: Einzelunternehmen<br \/>\nUnternehmensgegenstand: Fotografie, analoge und digitale Fotografie<br \/>\nFachgruppe: Berufsfotografen Fotografen<br \/>\nBeh\u00f6rde gem. ECG: Bezirkshauptmannschaft Melk<br \/>\nKennzeichnung: WKO<\/p>\n<p>Copyright Hinweise:<br \/>\nAlle Texte, Bilder, Dateien und weitere hier ver\u00f6ffentlichte Informationen, mit Ausnahme der gekennzeichneten Artikel, unterliegen dem Copyright von Fotograf Paul Plutsch. Eine Reproduktion oder Wiedergabe des Ganzen oder von Teilen ist ohne die schriftliche Genehmigung von Fotograf Paul Plutsch nicht gestattet.<br \/>\nDie Inhalte dieser Website sind urheberrechtlich gesch\u00fctzt. Jede unerlaubte Nutzung der Inhalte dieser Website kann gegen urheber-, warenzeichenrechtliche oder sonstige gesetzlichen Regelungen versto\u00dfen.<br \/>\nDie Wiedergabe von Ausz\u00fcgen in Form von Zitaten und die Wiedergabe von Abbildungen ist unter Nennung von Fotograf Paul Plutsch als Quelle und erst bei schriftlicher Genehmigung von Fotograf Paul Plutsch bis auf Widerruf m\u00f6glich. Der Quellverweis mu\u00df dabei einen Link auf die Seite von Paul Plutsch \u2013 www.fotoplutsch.at \u2013 enthalten. Die urspr\u00fcnglichen Inhalte dieser Website d\u00fcrfen dabei in keiner Weise ver\u00e4ndert werden. Anfragen dazu bitte an foto (at) fotoplutsch.atrichten.<\/p>\n<p>Datenschutz:<br \/>\nPersonenbezogene Daten werden nur mit Ihrem Wissen und Ihrer Einwilligung erhoben. Auf Antrag erhalten Sie unentgeltlich Auskunft zu den \u00fcber Sie gespeicherten personenbezogenen Daten. Wenden Sie sich dazu bitte an: foto (at) fotoplutsch.at<\/p>\n<p>Keine Haftung:<br \/>\nDie Inhalte dieses Webprojektes wurden sorgf\u00e4ltig gepr\u00fcft und nach bestem Wissen erstellt. Aber f\u00fcr die hier dargebotenen Informationen wird kein Anspruch auf Vollst\u00e4ndigkeit, Aktualit\u00e4t, Qualit\u00e4t und Richtigkeit erhoben. Es kann keine Verantwortung f\u00fcr Sch\u00e4den \u00fcbernommen werden, die durch das Vertrauen auf die Inhalte dieser Website oder deren Gebrauch entstehen.<\/p>\n<p>Abgrenzung:<br \/>\nDie Web-Pr\u00e4senz ist Teil des WWW und dementsprechend mit fremden, sich jederzeit wandeln k\u00f6nnenden Web-Sites verkn\u00fcpft, die folglich auch nicht diesem Verantwortungsbereich unterliegen und f\u00fcr die nachfolgende Informationen nicht gelten. Dass die Links weder gegen Sitten noch Gesetze versto\u00dfen, wurde genau ein mal gepr\u00fcft: bevor sie hier aufgenommen wurden.<\/p>\n<p>Schutzrechtsverletzung:<br \/>\nFalls Sie vermuten, dass von dieser Website aus eines Ihrer Schutzrechte verletzt wird, teilen Sie das bitte umgehend per E-Mail mit, damit z\u00fcgig Abhilfe geschafft werden kann. Bitte nehmen Sie zur Kenntnis: Die zeitaufw\u00e4ndigere Einschaltung eines Anwaltes zur f\u00fcr den Diensteanbieter kostenpflichtigen Abmahnung entspricht nicht dessen wirklichen oder mutma\u00dflichen Willen.<\/p>\n<p>Jugendschutz:<br \/>\nIn der Kategorie \u00bbSinnlich(t)\u00ab sind k\u00fcnstlerische Aktfotos enthalten. Die Darstellungen sind nur Erwachsenen vorbehalten.<\/p>\n","protected":false},"excerpt":{"rendered":"<p>Impressum und Offenlegungspflicht nach \u00a7 25 MedienG Name, Sitz und Medieninhaber: Paul Plutsch (fotoplutsch \u2013 Fotografie) Au\u00dferreith 1 A-3241 Kirnberg\/Mank Mail: foto (at) fotoplutsch. at Tel: +43 676 625 1 625 Rechtsform: Einzelunternehmen Unternehmensgegenstand: Fotografie, analoge und digitale Fotografie Fachgruppe: Berufsfotografen Fotografen Beh\u00f6rde gem. ECG: Bezirkshauptmannschaft Melk Kennzeichnung: WKO Copyright Hinweise: Alle Texte, Bilder, Dateien&#8230;<\/p>\n","protected":false},"author":2,"featured_media":0,"parent":0,"menu_order":0,"comment_status":"closed","ping_status":"closed","template":"","meta":[],"_links":{"self":[{"href":"https:\/\/www.fotoplutsch.at\/360grad\/wp-json\/wp\/v2\/pages\/113"}],"collection":[{"href":"https:\/\/www.fotoplutsch.at\/360grad\/wp-json\/wp\/v2\/pages"}],"about":[{"href":"https:\/\/www.fotoplutsch.at\/360grad\/wp-json\/wp\/v2\/types\/page"}],"author":[{"embeddable":true,"href":"https:\/\/www.fotoplutsch.at\/360grad\/wp-json\/wp\/v2\/users\/2"}],"replies":[{"embeddable":true,"href":"https:\/\/www.fotoplutsch.at\/360grad\/wp-json\/wp\/v2\/comments?post=113"}],"version-history":[{"count":2,"href":"https:\/\/www.fotoplutsch.at\/360grad\/wp-json\/wp\/v2\/pages\/113\/revisions"}],"predecessor-version":[{"id":115,"href":"https:\/\/www.fotoplutsch.at\/360grad\/wp-json\/wp\/v2\/pages\/113\/revisions\/115"}],"wp:attachment":[{"href":"https:\/\/www.fotoplutsch.at\/360grad\/wp-json\/wp\/v2\/media?parent=113"}],"curies":[{"name":"wp","href":"https:\/\/api.w.org\/{rel}","templated":true}]}}